{"id":2759,"date":"2024-04-15T17:41:27","date_gmt":"2024-04-15T20:41:27","guid":{"rendered":"https:\/\/ipesrg-scr.infd.edu.ar\/sitio\/?page_id=2759"},"modified":"2026-04-17T20:06:10","modified_gmt":"2026-04-17T23:06:10","slug":"inscripcion-a-examenes-finales-extraordinarios-abril-2026","status":"publish","type":"page","link":"https:\/\/ipesrg-scr.infd.edu.ar\/sitio\/inscripcion-a-examenes-finales-extraordinarios-abril-2026\/","title":{"rendered":"Inscripci\u00f3n a Ex\u00e1menes Finales Extraordinarios -ABRIL 2026"},"content":{"rendered":"\n<p><strong><u>FECHAS DE LAS MESAS<\/u><\/strong>: Por favor, hacer click en cada enlace del Profesorado para visualizar. <\/p>\n\n\n\n<p><a href=\"https:\/\/ipesrg-scr.infd.edu.ar\/sitio\/wp-content\/uploads\/2026\/04\/Profesorado-de-Educacion-Inicial-abril-26.docx\" target=\"_blank\" rel=\"noreferrer noopener\">Prof. en Educ. Inicial<\/a><\/p>\n\n\n\n<p><a href=\"https:\/\/ipesrg-scr.infd.edu.ar\/sitio\/wp-content\/uploads\/2026\/04\/Profesorado-de-Educacion-Primaria-abril-26.pdf\" target=\"_blank\" rel=\"noreferrer noopener\">Prof. en Educ. Primaria<\/a><\/p>\n\n\n\n<p><a href=\"https:\/\/ipesrg-scr.infd.edu.ar\/sitio\/wp-content\/uploads\/2026\/04\/Profesorado-de-Educacion-Especial-abril-26-1.pdf\" target=\"_blank\" rel=\"noreferrer noopener\">Prof. en Educ. Especial<\/a><\/p>\n\n\n\n<p><strong><u>Estimados alumnos<\/u><\/strong>: a partir de los siguientes enlaces podr\u00e1n realizar su inscripci\u00f3n para las mesas de examen correspondientes al turno&nbsp;<strong>-ABRIL 2026-&nbsp;<\/strong>( 1 s\u00f3lo llamado)<\/p>\n\n\n\n<p>Recuerden revisar que todos los datos sean correctos antes de enviar el formulario. Al&nbsp;<strong>finalizar la inscripci\u00f3n<\/strong>&nbsp;deber\u00e1n recibir&nbsp;<strong>confirmaci\u00f3n en su casilla de mail<\/strong>&nbsp;de las materias en las que se Inscribi\u00f3 (spam, correos no deseados, promocionales, etc).<\/p>\n\n\n\n<p><strong><mark><mark style=\"background-color:var(--contrast)\" class=\"has-inline-color has-base-3-color\">As\u00ed mismo, hacemos hincapi\u00e9 en que verifiquen que les haya llegado el e-mail de confirmaci\u00f3n de inscripci\u00f3n de cada \u00bb unidad curricular\u00bb , porque les sirve de comprobante<\/mark><\/mark><\/strong><mark style=\"background-color:var(--contrast)\" class=\"has-inline-color has-base-3-color\"> <strong>para garantizar la Inscripci\u00f3n<\/strong>.<\/mark><\/p>\n\n\n\n<p>Tengan en cuenta que solo podr\u00e1n realizar reclamos si tienen el mail de confirmaci\u00f3n.<\/p>\n\n\n\n<p><strong><u>ACLARACI\u00d3N:<\/u><\/strong>&nbsp;<\/p>\n\n\n\n<ul>\n<li>Recuerden que se debe&nbsp;<strong>COMPLETAR<\/strong>&nbsp;un formulario ( de inicio a fin ) por cada&nbsp;<strong>Unidad Curricular<\/strong>&nbsp;a la que se inscriban para rendir&nbsp;<strong>EX\u00c1MEN FINAL<\/strong>.<\/li>\n\n\n\n<li>Cada&nbsp;<strong>Formulario<\/strong>&nbsp;contiene todas la materias del plan de estudios, es decir, materias de&nbsp;<strong>1ero a 4to&nbsp;<\/strong>a\u00f1o. Los<strong>&nbsp;EDIS<\/strong>&nbsp;se encuentran en un formulario creado espec\u00edficamente para ello.<\/li>\n<\/ul>\n\n\n\n<p><strong><u>ES MUY IMPORTANTE<\/u><\/strong>&nbsp;<strong>DESTACAR<\/strong>:<\/p>\n\n\n\n<ul>\n<li>QUE LOS ALUMNOS&nbsp;<strong>\u00abPROMOCIONADOS\u00bb<\/strong>&nbsp;NO DEBEN INSCRIBIRSE\u2026 SOLO INFORMAR A LOS BEDELES Y DEBERAN ASISTIR, S\u00d3LO EN EL PRIMER LLAMADO (A TERMINO DE LA CURSADA), PARA LA FIRMA DE LIBRETAS DE CALIFICACI\u00d3N DE PROMOCIONES.<\/li>\n\n\n\n<li>QUE DEBEN VERIFICAR EN EL PLAN DE ESTUDIOS&nbsp;<strong>LAS CORRELATIVIDADES<\/strong>&nbsp;PARA VER SI SE PUEDEN INSCRIBIR O NO.<\/li>\n<\/ul>\n\n\n\n<p>Ante cualquier consulta o duda dirigirse a Coordinaci\u00f3n de alumnos&nbsp; o a los Bedeles.<\/p>\n\n\n\n<p><strong>PLANES DE ESTUDIOS<\/strong>&nbsp;<strong>(CON CORRELATIVAS)<\/strong>:<\/p>\n\n\n\n<p><a href=\"https:\/\/ipesrg-scr.infd.edu.ar\/sitio\/wp-content\/uploads\/2022\/04\/Plan_del_Profesorado__Educ_INICIAL_2015.pdf\" target=\"_blank\" rel=\"noreferrer noopener\">INICIAL<\/a><\/p>\n\n\n\n<p><a href=\"https:\/\/ipesrg-scr.infd.edu.ar\/sitio\/wp-content\/uploads\/2025\/02\/Regimen-de-correlatividades-Profesorado-de-Educacion-Primaria-Aprobado-por-Res-1.pdf\" target=\"_blank\" rel=\"noreferrer noopener\">PRIMARIA<\/a><\/p>\n\n\n\n<p><a href=\"https:\/\/ipesrg-scr.infd.edu.ar\/sitio\/wp-content\/uploads\/2024\/02\/Sistema-Correlatividades-Prof.-Especial-Orientacion-Intelectual.pdf\" target=\"_blank\" rel=\"noreferrer noopener\">ESPECIAL (INTELECTUAL)<\/a><\/p>\n\n\n\n<p><a rel=\"noreferrer noopener\" href=\"https:\/\/ipesrg-scr.infd.edu.ar\/sitio\/wp-content\/uploads\/2019\/03\/Sistema-Correlatividades-Prof.-Especial-Or.-Sordos-e-Hipoac%C3%BAsicos.pdf\" target=\"_blank\">ESPECIAL (SORDOS E HIPOAC\u00daSICO)<\/a><\/p>\n\n\n\n<h2 class=\"wp-block-heading has-text-align-center\"><strong><mark style=\"background-color:var(--accent)\" class=\"has-inline-color has-base-2-color\">FORMULARIOS DE INSCRIPCI\u00d3N<\/mark><\/strong><\/h2>\n\n\n\n<h2 class=\"wp-block-heading has-text-align-center\"><strong><mark style=\"background-color:var(--base-2)\" class=\"has-inline-color has-accent-color\">Primaria<\/mark><\/strong><\/h2>\n\n\n\n<p class=\"has-text-align-center\"><strong><mark style=\"background-color:var(--accent)\" class=\"has-inline-color has-base-2-color\">1ero. a 4to. a\u00f1o PLAN NUEVO (631)<\/mark><\/strong><\/p>\n\n\n<div class=\"wp-block-image\">\n<figure class=\"aligncenter is-resized\"><a href=\"https:\/\/forms.gle\/wnjfU27v765eqMYn7\"><img decoding=\"async\" loading=\"lazy\" src=\"https:\/\/ipesrg-scr.infd.edu.ar\/sitio\/wp-content\/uploads\/2023\/08\/pngegg.png\" alt=\"\" class=\"wp-image-2460\" width=\"139\" height=\"98\" srcset=\"https:\/\/ipesrg-scr.infd.edu.ar\/sitio\/wp-content\/uploads\/2023\/08\/pngegg.png 842w, https:\/\/ipesrg-scr.infd.edu.ar\/sitio\/wp-content\/uploads\/2023\/08\/pngegg-768x543.png 768w\" sizes=\"(max-width: 139px) 100vw, 139px\" \/><\/a><\/figure><\/div>\n\n\n<p class=\"has-text-align-center\"><strong><mark style=\"background-color:var(--accent)\" class=\"has-inline-color has-base-color\">E<\/mark><mark style=\"background-color:var(--accent)\" class=\"has-inline-color has-base-3-color\">DIS Y UCO<\/mark><\/strong><\/p>\n\n\n<div class=\"wp-block-image\">\n<figure class=\"aligncenter is-resized\"><a href=\"https:\/\/forms.gle\/KpdtDCJXhifkyfrA7\"><img decoding=\"async\" loading=\"lazy\" src=\"https:\/\/ipesrg-scr.infd.edu.ar\/sitio\/wp-content\/uploads\/2023\/08\/pngegg-edi.png\" alt=\"\" class=\"wp-image-2466\" width=\"86\" height=\"85\"\/><\/a><\/figure><\/div>\n\n\n<hr class=\"wp-block-separator has-alpha-channel-opacity\"\/>\n\n\n\n<h2 class=\"wp-block-heading has-text-align-center\"><strong><mark style=\"background-color:var(--base-2)\" class=\"has-inline-color has-accent-color\">Inicial<\/mark><\/strong><\/h2>\n\n\n\n<p class=\"has-text-align-center\"><strong><mark style=\"background-color:var(--accent)\" class=\"has-inline-color has-base-2-color\">3ro. y 4to. a\u00f1o 3077\/14<\/mark><\/strong><\/p>\n\n\n<div class=\"wp-block-image\">\n<figure class=\"aligncenter is-resized\"><a href=\"https:\/\/forms.gle\/XRgfPJSy1TWbHs5P8\"><img decoding=\"async\" loading=\"lazy\" src=\"https:\/\/ipesrg-scr.infd.edu.ar\/sitio\/wp-content\/uploads\/2023\/08\/pngegg.png\" alt=\"\" class=\"wp-image-2460\" width=\"139\" height=\"99\" srcset=\"https:\/\/ipesrg-scr.infd.edu.ar\/sitio\/wp-content\/uploads\/2023\/08\/pngegg.png 842w, https:\/\/ipesrg-scr.infd.edu.ar\/sitio\/wp-content\/uploads\/2023\/08\/pngegg-768x543.png 768w\" sizes=\"(max-width: 139px) 100vw, 139px\" \/><\/a><\/figure><\/div>\n\n\n<p class=\"has-text-align-center\"><strong><mark style=\"background-color:var(--accent)\" class=\"has-inline-color has-base-2-color\">EDIS<\/mark><\/strong><\/p>\n\n\n<div class=\"wp-block-image\">\n<figure class=\"aligncenter is-resized\"><a href=\"https:\/\/forms.gle\/gNf91KNxC8uKpbHs7\"><img decoding=\"async\" loading=\"lazy\" src=\"https:\/\/ipesrg-scr.infd.edu.ar\/sitio\/wp-content\/uploads\/2023\/08\/pngegg-edi.png\" alt=\"\" class=\"wp-image-2466\" width=\"88\" height=\"87\"\/><\/a><\/figure><\/div>\n\n\n<hr class=\"wp-block-separator has-alpha-channel-opacity\"\/>\n\n\n\n<h2 class=\"wp-block-heading has-text-align-center\"><strong><mark style=\"background-color:rgba(0, 0, 0, 0)\" class=\"has-inline-color has-accent-color\">Especial<\/mark><\/strong><\/h2>\n\n\n\n<p><\/p>\n\n\n\n<p class=\"has-text-align-center\"><strong><mark style=\"background-color:var(--accent)\" class=\"has-inline-color has-base-2-color\">1ero. y 2do. a\u00f1o 295\/19<\/mark><\/strong><mark style=\"background-color:var(--accent)\" class=\"has-inline-color has-base-3-color\">(<strong>Ambas Orientaciones<\/strong>)<\/mark><\/p>\n\n\n<div class=\"wp-block-image\">\n<figure class=\"aligncenter is-resized\"><a href=\"https:\/\/forms.gle\/AbEfNEChboBgp78d7\"><img decoding=\"async\" loading=\"lazy\" src=\"https:\/\/ipesrg-scr.infd.edu.ar\/sitio\/wp-content\/uploads\/2023\/08\/pngegg.png\" alt=\"\" class=\"wp-image-2460\" width=\"138\" height=\"98\" srcset=\"https:\/\/ipesrg-scr.infd.edu.ar\/sitio\/wp-content\/uploads\/2023\/08\/pngegg.png 842w, https:\/\/ipesrg-scr.infd.edu.ar\/sitio\/wp-content\/uploads\/2023\/08\/pngegg-768x543.png 768w\" sizes=\"(max-width: 138px) 100vw, 138px\" \/><\/a><\/figure><\/div>\n\n\n<p class=\"has-text-align-center\"><strong><mark style=\"background-color:var(--accent)\" class=\"has-inline-color has-base-2-color\">3ero. a 4to. a\u00f1o 295\/19 Orientaci\u00f3n Intelectual<\/mark><\/strong><\/p>\n\n\n<div class=\"wp-block-image\">\n<figure class=\"aligncenter is-resized\"><a href=\"https:\/\/forms.gle\/6eGgXEgnbUS6MSVr8\"><img decoding=\"async\" loading=\"lazy\" src=\"https:\/\/ipesrg-scr.infd.edu.ar\/sitio\/wp-content\/uploads\/2023\/08\/pngegg.png\" alt=\"\" class=\"wp-image-2460\" width=\"138\" height=\"98\" srcset=\"https:\/\/ipesrg-scr.infd.edu.ar\/sitio\/wp-content\/uploads\/2023\/08\/pngegg.png 842w, https:\/\/ipesrg-scr.infd.edu.ar\/sitio\/wp-content\/uploads\/2023\/08\/pngegg-768x543.png 768w\" sizes=\"(max-width: 138px) 100vw, 138px\" \/><\/a><\/figure><\/div>\n\n\n<p class=\"has-text-align-center\"><strong><mark style=\"background-color:var(--accent)\" class=\"has-inline-color has-base-2-color\">3ero. a 4to. a\u00f1o 295\/19 Orientaci\u00f3n Sordos e Hipoac\u00fasicos<\/mark><\/strong><\/p>\n\n\n<div class=\"wp-block-image\">\n<figure class=\"aligncenter is-resized\"><a href=\"https:\/\/forms.gle\/wDNo69Ee98KfoeDd8\"><img decoding=\"async\" loading=\"lazy\" src=\"https:\/\/ipesrg-scr.infd.edu.ar\/sitio\/wp-content\/uploads\/2023\/08\/pngegg.png\" alt=\"\" class=\"wp-image-2460\" width=\"133\" height=\"94\" srcset=\"https:\/\/ipesrg-scr.infd.edu.ar\/sitio\/wp-content\/uploads\/2023\/08\/pngegg.png 842w, https:\/\/ipesrg-scr.infd.edu.ar\/sitio\/wp-content\/uploads\/2023\/08\/pngegg-768x543.png 768w\" sizes=\"(max-width: 133px) 100vw, 133px\" \/><\/a><\/figure><\/div>\n\n\n<p class=\"has-text-align-center\"><strong><mark style=\"background-color:var(--accent)\" class=\"has-inline-color has-base-2-color\">EDIS<\/mark><\/strong><\/p>\n\n\n\n<p class=\"has-text-align-center\"><strong><mark style=\"background-color:var(--accent)\" class=\"has-inline-color has-base-2-color\">Orientaci\u00f3n intelectual<\/mark><\/strong><\/p>\n\n\n<div class=\"wp-block-image\">\n<figure class=\"aligncenter is-resized\"><a href=\"https:\/\/forms.gle\/kXTVx6ixir5dYJHYA\"><img decoding=\"async\" loading=\"lazy\" src=\"https:\/\/ipesrg-scr.infd.edu.ar\/sitio\/wp-content\/uploads\/2023\/08\/pngegg-edi.png\" alt=\"\" class=\"wp-image-2466\" width=\"96\" height=\"95\"\/><\/a><\/figure><\/div>\n\n\n<p class=\"has-text-align-center\"><strong><mark style=\"background-color:var(--accent)\" class=\"has-inline-color has-base-2-color\">Orientaci\u00f3n Sordos e Hipoac\u00fasicos<\/mark><\/strong><\/p>\n\n\n<div class=\"wp-block-image\">\n<figure class=\"aligncenter is-resized\"><a href=\"https:\/\/forms.gle\/aff3pshV6d5fknR97\"><img decoding=\"async\" loading=\"lazy\" src=\"https:\/\/ipesrg-scr.infd.edu.ar\/sitio\/wp-content\/uploads\/2023\/08\/pngegg-edi.png\" alt=\"\" class=\"wp-image-2466\" width=\"91\" height=\"90\"\/><\/a><\/figure><\/div>","protected":false},"excerpt":{"rendered":"<p>FECHAS DE LAS MESAS: Por favor, hacer click en cada enlace del Profesorado para visualizar. Prof. en Educ. Inicial Prof. en Educ. Primaria Prof. en Educ. Especial Estimados alumnos: a partir de los siguientes enlaces podr\u00e1n realizar su inscripci\u00f3n para las mesas de examen correspondientes al turno&nbsp;-ABRIL 2026-&nbsp;( 1 s\u00f3lo llamado) Recuerden revisar que todos &#8230; <a title=\"Inscripci\u00f3n a Ex\u00e1menes Finales Extraordinarios -ABRIL 2026\" class=\"read-more\" href=\"https:\/\/ipesrg-scr.infd.edu.ar\/sitio\/inscripcion-a-examenes-finales-extraordinarios-abril-2026\/\" aria-label=\"More on Inscripci\u00f3n a Ex\u00e1menes Finales Extraordinarios -ABRIL 2026\">[+]<\/a><\/p>\n","protected":false},"author":3010,"featured_media":0,"parent":0,"menu_order":0,"comment_status":"closed","ping_status":"closed","template":"","meta":[],"acf":[],"_links":{"self":[{"href":"https:\/\/ipesrg-scr.infd.edu.ar\/sitio\/wp-json\/wp\/v2\/pages\/2759"}],"collection":[{"href":"https:\/\/ipesrg-scr.infd.edu.ar\/sitio\/wp-json\/wp\/v2\/pages"}],"about":[{"href":"https:\/\/ipesrg-scr.infd.edu.ar\/sitio\/wp-json\/wp\/v2\/types\/page"}],"author":[{"embeddable":true,"href":"https:\/\/ipesrg-scr.infd.edu.ar\/sitio\/wp-json\/wp\/v2\/users\/3010"}],"replies":[{"embeddable":true,"href":"https:\/\/ipesrg-scr.infd.edu.ar\/sitio\/wp-json\/wp\/v2\/comments?post=2759"}],"version-history":[{"count":48,"href":"https:\/\/ipesrg-scr.infd.edu.ar\/sitio\/wp-json\/wp\/v2\/pages\/2759\/revisions"}],"predecessor-version":[{"id":3570,"href":"https:\/\/ipesrg-scr.infd.edu.ar\/sitio\/wp-json\/wp\/v2\/pages\/2759\/revisions\/3570"}],"wp:attachment":[{"href":"https:\/\/ipesrg-scr.infd.edu.ar\/sitio\/wp-json\/wp\/v2\/media?parent=2759"}],"curies":[{"name":"wp","href":"https:\/\/api.w.org\/{rel}","templated":true}]}}