{"id":1978,"date":"2020-02-17T23:10:34","date_gmt":"2020-02-18T02:10:34","guid":{"rendered":"https:\/\/ipesrg-scr.infd.edu.ar\/sitio\/?page_id=1978"},"modified":"2020-02-18T09:30:32","modified_gmt":"2020-02-18T12:30:32","slug":"alumnos-ingresantes","status":"publish","type":"page","link":"https:\/\/ipesrg-scr.infd.edu.ar\/sitio\/alumnos-ingresantes\/","title":{"rendered":"Alumnos Ingresantes"},"content":{"rendered":"<p>Estimados estudiantes: queremos darle una cordial bienvenida al Instituto Provincial de Educaci\u00f3n Superior R\u00edo Gallegos, en el cual comenzaran una carrera de formaci\u00f3n docente de nivel superior.<\/p>\n<p>Queremos acercarle <a href=\"https:\/\/ipesrg-scr.infd.edu.ar\/sitio\/wp-content\/uploads\/2020\/02\/CUADERNILLO-INSTITUCIONAL-IPES-RG.pdf\">\u201cSer Estudiante en un Instituto de Educaci\u00f3n Superior\u201d<\/a>, podr\u00e1n encontrar sugerencias y algunas herramientas para abordar la bibliograf\u00eda en el nivel superior.<\/p>\n<p>Les deseamos exitos en esta nueva etapa!<\/p>\n","protected":false},"excerpt":{"rendered":"<p>Estimados estudiantes: queremos darle una cordial bienvenida al Instituto Provincial de Educaci\u00f3n Superior R\u00edo Gallegos, en el cual comenzaran una carrera de formaci\u00f3n docente de nivel superior. Queremos acercarle \u201cSer Estudiante en un Instituto de Educaci\u00f3n Superior\u201d, podr\u00e1n encontrar sugerencias y algunas herramientas para abordar la bibliograf\u00eda en el nivel superior. Les deseamos exitos en &#8230; <a title=\"Alumnos Ingresantes\" class=\"read-more\" href=\"https:\/\/ipesrg-scr.infd.edu.ar\/sitio\/alumnos-ingresantes\/\" aria-label=\"More on Alumnos Ingresantes\">[+]<\/a><\/p>\n","protected":false},"author":7,"featured_media":0,"parent":0,"menu_order":0,"comment_status":"closed","ping_status":"closed","template":"","meta":[],"acf":[],"_links":{"self":[{"href":"https:\/\/ipesrg-scr.infd.edu.ar\/sitio\/wp-json\/wp\/v2\/pages\/1978"}],"collection":[{"href":"https:\/\/ipesrg-scr.infd.edu.ar\/sitio\/wp-json\/wp\/v2\/pages"}],"about":[{"href":"https:\/\/ipesrg-scr.infd.edu.ar\/sitio\/wp-json\/wp\/v2\/types\/page"}],"author":[{"embeddable":true,"href":"https:\/\/ipesrg-scr.infd.edu.ar\/sitio\/wp-json\/wp\/v2\/users\/7"}],"replies":[{"embeddable":true,"href":"https:\/\/ipesrg-scr.infd.edu.ar\/sitio\/wp-json\/wp\/v2\/comments?post=1978"}],"version-history":[{"count":2,"href":"https:\/\/ipesrg-scr.infd.edu.ar\/sitio\/wp-json\/wp\/v2\/pages\/1978\/revisions"}],"predecessor-version":[{"id":1983,"href":"https:\/\/ipesrg-scr.infd.edu.ar\/sitio\/wp-json\/wp\/v2\/pages\/1978\/revisions\/1983"}],"wp:attachment":[{"href":"https:\/\/ipesrg-scr.infd.edu.ar\/sitio\/wp-json\/wp\/v2\/media?parent=1978"}],"curies":[{"name":"wp","href":"https:\/\/api.w.org\/{rel}","templated":true}]}}